are the prime factors of m?
307
Let l(x) be the first derivative of 2*x**3/3 + 4*x**2 + 3*x - 2. What are the prime factors of l(-5)?
13
List the prime factors of 41/2 + (-3)/6.
2, 5
Suppose 4*o + 57 = -3. What are the prime factors of (-3)/o + (-24)/(-5)?
5
Suppose -2*w + 15 = -5*w, -3*w - 25 = 2*p. Suppose u + 60 = 6*u. Let r = u + p. What are the prime factors of r?
7
Let u(d) = 7*d**3 - d**2 - d + 2. Let t be u(2). Suppose 10*j = -174 - 186. Let i = t + j. What are the prime factors of i?
2
Suppose 0*z - z = -2. Suppose -60 = -z*h - 3*h. What are the prime factors of h?
2, 3
Suppose 3*x - 9 = 117. What are the prime factors of x?
2, 3, 7
Let u(n) = -n**3 - 7*n**2 + 7*n - 4. Let g be u(-8). Suppose 30 = -l - g*l. Let m = l + 19. What are the prime factors of m?
13
Suppose 977 = 10*q - 203. What are the prime factors of q?
2, 59
List the prime factors of 4/(-6) + 670/15.
2, 11
List the prime factors of 6*4/(-12)*-46.
2, 23
Let d be (-4672)/(-36) - 2/(-9). Let o = d + -73. Suppose -5*a - 3*g = -o, 5*a + 5*g - 58 = 3*g. List the prime factors of a.
2, 3
Let h be (8/(-10))/(2/(-5)). Let g(t) = 4*t**h + t - t**2 - 4*t**2 + 4. List the prime factors of g(0).
2
Suppose 4*n + 30 = -3*s - 1, -n = -2*s - 6. Let j be (6/n + 2)*4. Suppose 4*b + 4*k + 8 = 52, -4 = -j*k. List the prime factors of b.
3
Let h = 13 + -8. Suppose h*c + 144 - 474 = 0. What are the prime factors of c/(-15)*15/(-6)?
11
Let k be (3/(-6))/(1/(-14)). Let u(p) = -p. Let a be u(-2). Suppose k*o - a*o = 35. List the prime factors of o.
7
Suppose 16 = -3*y - y. Let b be 2*(-1 - y)/3. Suppose -5*h + p = -0*p - 19, 2 = h - b*p. What are the prime factors of h?
2
Suppose 5*p + 2*r - 116 = 0, p - r - 10 = 3*r. List the prime factors of p.
2, 11
Let c(m) be the second derivative of m**3/6 + 2*m. What are the prime factors of c(2)?
2
Let u = -12 - -16. Suppose 5*h - u*h = 42. What are the prime factors of h?
2, 3, 7
Let w(y) = -y**2 + 7*y - 5. Suppose 0 = -q - 0 + 5. Suppose -2*r = -3*a + r - 3, 4*a - q*r = -9. List the prime factors of w(a).
7
List the prime factors of 21/(-24)*-6*4.
3, 7
Suppose 0 = m + m + 4*r + 20, -2*r - 6 = -m. Let x(c) = -c**2 - 3*c. Let s be x(m). Suppose 5*o - s*p = 39 - 16, o + 5*p = -17. List the prime factors of o.
3
Let f(d) = -d**3 + 7*d**2 + 6*d. Let z(x) = -x**3 + 7*x**2 + 5*x + 1. Let v(o) = 5*f(o) - 4*z(o). List the prime factors of v(8).
2, 3
Let m(y) = y**2 - 3*y + 1. Let i be m(4). Let t = i - 2. What are the prime factors of t?
3
Suppose -m - 3 = 2*m - 3*n, -10 = 4*m + 2*n. Let o be 4/3 + (-2)/6. Let i = o - m. What are the prime factors of i?
3
Let w(y) = 2*y**2 + 7*y + 5. Let c = 27 - 31. List the prime factors of w(c).
3
Let y be -3*(-6)/(-9)*-2. Suppose 18 + 18 = y*h. List the prime factors of h.
3
Let d(t) = -10*t - 1. Let c be 3/6 - (-1)/2. Let m be d(c). Let o = -6 - m. What are the prime factors of o?
5
Let u(b) = -7*b**3 - 5*b**2 + 5. List the prime factors of u(-3).
149
List the prime factors of 4/(-30) + 591/45.
13
Let j(n) = 9*n**3 - n**2. Let v be j(-1). List the prime factors of 15/v*20/(-6).
5
Let j(v) = -v**3 - 19*v**2 - 4*v + 1. What are the prime factors of j(-19)?
7, 11
Let d(r) = r**2 + 7*r - 10. Let m be d(-8). Let l be (-33)/m - 18/(-12). Let f = 31 - l. What are the prime factors of f?
13
Let c = -73 - -130. List the prime factors of c.
3, 19
Let f = -24 + 62. What are the prime factors of f?
2, 19
Let u(z) = 5*z**2 - 4*z - 4. Let t(k) = -11*k**2 + 9*k + 8. Let q(i) = 4*t(i) + 9*u(i). Let x = -6 - -3. What are the prime factors of q(x)?
5
Let d = -230 + 353. List the prime factors of d.
3, 41
Suppose 5*b - 2*b - 204 = 0. Suppose -3*v + b = 26. List the prime factors of v.
2, 7
Suppose -7*d + 0 = -28. List the prime factors of d.
2
Suppose -3*q + 4*j + 92 = -q, 0 = -2*q - 2*j + 74. Suppose -2*u + 5*g = -q, 5*u - 182 = 4*g - 65. What are the prime factors of u?
5
Let i(h) = h**3 - 7*h**2 + 5*h + 12. List the prime factors of i(6).
2, 3
Suppose 4*d = -3*l + 241, -d = -l - 76 + 7. What are the prime factors of d?
2
Let j(h) = -26*h - 1. Suppose 2*i + i - 3 = 0. Let a be j(i). What are the prime factors of -1 + a/(-3) - 2?
2, 3
Let t = 10 - 4. What are the prime factors of t?
2, 3
Let d = -7 - -9. Let y = 5 - d. What are the prime factors of y?
3
Let s(n) = -4*n + 7. List the prime factors of s(-10).
47
Let p(l) = -2*l + 1. Let b be p(-7). Let r = 2 + b. What are the prime factors of r?
17
Suppose 2*z - 32 = 236. What are the prime factors of z?
2, 67
Suppose 0 = 4*i + 55 - 187. List the prime factors of i.
3, 11
Let m = -9 - -10. Suppose 0*p - 5*a = -2*p + m, 4*p - 47 = a. What are the prime factors of p?
13
Let v(l) be the third derivative of l**6/120 + 7*l**5/60 - l**4/24 + l**3/2 - 3*l**2. List the prime factors of v(-7).
2, 5
Let w be (-2)/9 - 141/(-27). Suppose -8 = 3*s - 8*s + 3*o, 5*s = -w*o + 40. What are the prime factors of (s/(-8))/(2/(-12))?
3
Let k be (-2)/7 + 10/35. Suppose k = -8*x + 3*x + 70. What are the prime factors of x?
2, 7
Let s(b) = -b**3 - 13*b**2 - 10*b + 10. Let g be s(-12). List the prime factors of (-4)/14 - 144/g.
2, 5
Let a = 1 - -2. Suppose y + a = 2*h, 4*y - 4*h - 8 = -6*h. List the prime factors of (0/1)/y - -7.
7
Suppose 4*w - 3*k + 0*k = 34, 5*k = -5*w + 25. Suppose 3 + w = 2*v. Suppose -2*h = -h - c - v, -4*c = 5*h - 25. List the prime factors of h.
5
Let z(y) = 34*y - 32. List the prime factors of z(6).
2, 43
Suppose 0 = -35*k + 37*k - 212. What are the prime factors of k?
2, 53
Suppose -4*s - 10 + 6 = 0. List the prime factors of -1*(3 + s - 50).
2, 3
Let s(w) = -w - 5. Let l be s(-4). Let u(t) = -39*t - 2. List the prime factors of u(l).
37
Let d = -23 - -32. Suppose -2*c + d = m, -c + m + 2 = -7. List the prime factors of c.
2, 3
Let l = 1 - -2. What are the prime factors of (7/l)/((-2)/(-6))?
7
List the prime factors of ((-970)/(-40))/(2/8).
97
Let h = 2 - 3. What are the prime factors of -2 + 9*h*-2?
2
List the prime factors of 197 + 6/(-2) + 3.
197
Let x be (-8)/28 + (-16)/(-7). Let w be 1/(-3) - (-13)/3. List the prime factors of (-3 + x)*-1*w.
2
Let c be (-2)/4*(-136)/2. Let h be c + 3/((-3)/(-2)). Suppose -4*p = -16 - h. List the prime factors of p.
13
Suppose c = 10 + 26. List the prime factors of c.
2, 3
Let m(y) = 10*y - 14. Let d be m(7). Let t = d - 28. What are the prime factors of t?
2, 7
Let u = -105 - -214. List the prime factors of u.
109
Suppose u - 22 = -2*s + 5*u, 3*u = -s - 9. Suppose -2*t - 17 = -s*f, t + 13 = 3*f - 0*t. List the prime factors of f.
3
Suppose 8*m - m - 2989 = 0. List the prime factors of m.
7, 61
Let b(g) = g**3 - 8*g**2 + 4*g - 11. What are the prime factors of b(8)?
3, 7
List the prime factors of ((-500)/(-8) + -4)/(3/4).
2, 3, 13
Let m(w) = w**2 + 3*w + 2. Let z be m(-2). Let c be -7 - (-2 - (2 + -4)). Let o = z - c. List the prime factors of o.
7
Let o be 3/(-6)*0*1. Suppose -w + o*w + 5 = 0. Suppose 0 = -2*q - w + 23. What are the prime factors of q?
3
Let c be -1 + 15 - -3 - 4. Let w = 33 + c. List the prime factors of w.
2, 23
Let y(g) = 5*g + 2. Let a be y(3). Let k = 13 - -12. Let z = k - a. What are the prime factors of z?
2
Let t be 0*(-1)/(-2) - 12. Let m be 1520/t - (-4)/6. What are the prime factors of (-2)/(-11) - m/33?
2
Let q = 33 + -18. What are the prime factors of (64/10)/(6/q)?
2
Suppose 0*x + 4 = 2*x. Suppose 75 = 5*z + x*y, -2*z + y = -33 + 3. Suppose -5*h + z = -30. What are the prime factors of h?
3
Let v be (-18)/(-4) + 5/10. Suppose -v*p - 4*b + 2 = -3*p, b + 4 = p. Suppose -p*z + 5*i - 2*i = -24, 3*i - 11 = -2*z. What are the prime factors of z?
7
Suppose 0*w + w - 2 = 0. What are the prime factors of (w/(-5))/((-6)/240)?
2
Let x = 4 + -4. Suppose x = -0*p + p + 3. List the prime factors of (p + 2)/((-1)/3).
3
Let j be (-2)/(-4) + (-295)/10. List the prime factors of (-2 - 0 - j) + -1.
2, 13
Let a(p) = p**3 - 7*p**2 + 8*p - 7. Let t be a(6). Suppose t*k - 128 = 7. Suppose 0 = 2*n + n - k. List the prime factors of n.
3
Suppose -15 = -5*v - 0*v. Suppose 0 = g - v*g + 4. Suppose 0 = g*y - 4*l + 6 - 26, y + 3*l - 15 = 0. List the prime factors of y.
2, 3
Let f(z) = z - 3. Let h be f(3). Let i = -1 - h. Let r = i + 5. List the prime factors of r.
2
Suppose j - 8 = -3*j. What are the prime factors of j?
2
Let u be 2 - (1 - -1)/(